3
Let v(p) = 6*p - 36. Determine v(-11).
-102
Let h(f) = f**3 - 6*f**2 + 9*f - 6. Calculate h(4).
-2
Let r(q) = 2*q**2 - q - 2. What is r(-3)?
19
Let o(r) = 4*r**2 - 1. What is o(2)?
15
Let b(h) = -h**3 - 3*h**2 + 6*h + 6. Determine b(-3).
-12
Let u(o) = 10*o - 2. Determine u(2).
18
Let l(c) = -c**2 + 11*c + 2. Determine l(10).
12
Let f(h) = -2*h**2 + h + 6. Give f(-2).
-4
Let x(u) = -u**3 + 11*u**2 + u - 17. Determine x(11).
-6
Let q(m) = -m - 5. Calculate q(-2).
-3
Let j(y) = -y - 18. What is j(0)?
-18
Let x(s) = -10*s - 26. What is x(-3)?
4
Let m(o) = -o**3 - 2*o**2 + o - 2. Calculate m(-3).
4
Let c(h) = -h**2 + 26*h + 28. What is c(27)?
1
Let k(t) = -t. Calculate k(-8).
8
Let z(p) = p**2 - 13*p - 118. What is z(0)?
-118
Let b(p) = p**3 + 13*p**2 + 2*p + 22. Determine b(-13).
-4
Let q(j) = j**2 - 5*j - 22. Give q(7).
-8
Let s(x) = -x**3 - 9*x**2 - 2*x - 17. Give s(-9).
1
Let j(o) = o**2 - 11*o - 528. What is j(-18)?
-6
Let p(c) = -13*c**3 + c**2 + c + 1. Calculate p(-1).
14
Let y(n) = -6*n - 7. What is y(1)?
-13
Let t(c) = 3*c**3 + 7*c**2 + 3*c + 2. Determine t(-3).
-25
Let z(o) = -5*o - 195. Calculate z(-42).
15
Let h(k) = -2*k**3 - 6*k**2 + 4. Calculate h(-3).
4
Let g(j) = j**2 + 10*j - 37. Calculate g(-13).
2
Let t(l) = l**3 + 17*l**2 + 29*l - 16. What is t(-15)?
-1
Let d(b) = 30*b**3 - 3*b**2 - b + 2. What is d(1)?
28
Let q(t) = 2*t + 5. Determine q(13).
31
Let b(c) = -c**3 + 11*c**2 - 10*c - 5. What is b(10)?
-5
Let a(t) = 23*t - 73. Give a(6).
65
Let m(f) = 2*f**2 - 40*f - 4. Calculate m(20).
-4
Let x(w) = 4*w**2 + 34*w + 26. Determine x(-8).
10
Let d(n) = -2*n**2 + 28*n - 74. Give d(9).
16
Let a(y) = -y**2 + 13*y - 8. Determine a(12).
4
Let x(y) = y**2 - 19*y + 41. Calculate x(18).
23
Let u(v) = v**2 - 2*v - 1. Give u(3).
2
Let o(j) = -2*j**2 - 20*j + 11. Calculate o(-10).
11
Let f(k) = 59*k + 407. What is f(-7)?
-6
Let b(m) = -3*m + 62. Give b(15).
17
Let d(s) = s**3 + 5*s**2 - 18*s - 23. Give d(-7).
5
Let f(g) = 15*g - 120. Calculate f(9).
15
Let y(j) = j**2 + 11*j + 8. What is y(-11)?
8
Let c(n) = -6*n - 59. What is c(-7)?
-17
Let a(b) = b**3 + 14*b**2 - 45*b + 90. Give a(-17).
-12
Let z(k) = -4*k - 97. What is z(-24)?
-1
Let b(w) = 14*w + 1. Determine b(-1).
-13
Let o(s) = 2*s - 4. What is o(-9)?
-22
Let h(i) = -i**3 - 9*i**2 + 11*i + 13. Give h(-10).
3
Let s(k) = -k**3 + 4*k**2 - 19*k + 68. What is s(4)?
-8
Let o(u) = -u**3 + u**2 - 3*u + 5. Give o(-4).
97
Let x(w) = w**3 - 19*w**2 + 33*w + 17. What is x(17)?
0
Let a(t) = -t**2 - 10*t. What is a(-6)?
24
Let a(z) = -z**3 + 14*z**2 - 26*z + 22. Determine a(12).
-2
Let d(o) = -11*o**2 - 2*o - 2. Determine d(-1).
-11
Let z(h) = h**3 + h**2 - 3*h + 12. Determine z(-3).
3
Let p(l) = 29*l + 166. Calculate p(-6).
-8
Let t(b) = 2*b**3 - 10*b**2 - 3*b + 7. Calculate t(5).
-8
Let x(a) = a**2 - 44*a - 39. Calculate x(45).
6
Let t(q) = -7*q + 38. Determine t(10).
-32
Let a(q) = 5*q. What is a(-1)?
-5
Let y(u) = -u**3 - 18*u**2 + 23*u + 24. Determine y(-19).
-52
Let b(p) = p**2 - 16*p + 11. Determine b(14).
-17
Let n(j) = 9*j - 10. Give n(3).
17
Let z(b) = -b**3 + 5*b**2 - 3*b + 5. What is z(5)?
-10
Let m(o) = 7*o**3 + 56*o**2 - o - 16. Give m(-8).
-8
Let h(o) = -8*o - 233. Calculate h(-27).
-17
Let t(f) = f**2 - 17*f - 40. Calculate t(20).
20
Let u(m) = -21*m**2 + 146*m + 9. Calculate u(7).
2
Let p(k) = -k**3 + 4*k**2 + 11*k - 61. What is p(5)?
-31
Let j(c) = 10*c - 100. What is j(10)?
0
Let x(z) = z**2 - 12*z - 13. What is x(14)?
15
Let x(m) = -21*m**3 - 3*m**2 - 4*m - 3. What is x(-1)?
19
Let m(x) = -x**2 - 21*x - 2. Give m(-16).
78
Let y(h) = h**2 - 12*h + 15. Calculate y(10).
-5
Let v(q) = -q**2 - 3*q - 2. Calculate v(-3).
-2
Let c(b) = 13*b - 12. What is c(2)?
14
Let b(o) = 22*o**3 - o**2 - 2*o + 3. What is b(1)?
22
Let z(o) = o**3 - 6*o**2 - 17*o + 20. What is z(7)?
-50
Let z(j) = j**2 + 42*j + 63. Calculate z(-40).
-17
Let r(p) = p**3 - 2*p**2 - 5*p + 10. What is r(4)?
22
Let p(r) = 2*r**3 - 4*r**2 + r + 6. What is p(3)?
27
Let x(k) = -13*k + 26. Calculate x(2).
0
Let j(a) = 3*a**3 + 35*a**2 - 15*a - 22. What is j(-12)?
14
Let n(x) = x**2 + x - 1. What is n(-2)?
1
Let t(k) = -3*k**3 - k**2 - k + 1. Determine t(-2).
23
Let a(t) = 3*t + 1. Determine a(5).
16
Let o(l) = 22*l - 1. Give o(1).
21
Let d(h) = 3*h + 7. Determine d(-6).
-11
Let v(j) = -j**3 - 11*j**2 - 18*j + 14. Determine v(-8).
-34
Let s(h) = -2*h. Give s(7).
-14
Let b(q) = -q**2 - 18*q. What is b(-6)?
72
Let p(m) = m**3 - 4*m**2 - 27*m + 20. Determine p(7).
-22
Let l(i) = 3*i + 58. Determine l(4).
70
Let m(a) = 4*a - 9. Give m(4).
7
Let n(g) = -g**3 + 6*g**2 - 7. Determine n(6).
-7
Let r(a) = 2*a**2 - 83. Determine r(6).
-11
Let n(p) = 3*p**2 + 3*p + 5. Calculate n(-3).
23
Let l(o) = -2*o + 1. Determine l(14).
-27
Let g(m) = -8*m - 221. Determine g(-28).
3
Let m(j) = j**2 - 16*j + 38. What is m(13)?
-1
Let d(v) = v**2 + 23*v + 30. Calculate d(-22).
8
Let l(m) = -m**2 - 12*m - 20. Calculate l(-11).
-9
Let t(n) = -n**3 - 2*n**2 + n + 9. What is t(0)?
9
Let p(g) = -3*g**2 - 60*g - 2. Calculate p(-20).
-2
Let w(x) = x**2 + 20*x + 90. What is w(-12)?
-6
Let g(w) = -10*w - 10. Determine g(-8).
70
Let g(l) = -l**3 - 4*l**2 - 5*l + 4. What is g(-4)?
24
Let v(z) = 9*z + 39. What is v(-12)?
-69
Let w(u) = -9*u - 427. Calculate w(-49).
14
Let d(p) = -p**3 + 8*p**2 + 13*p - 137. Determine d(7).
3
Let y(q) = q**2 - 3*q + 1. Determine y(2).
-1
Let j(k) = -2*k + 4. Calculate j(-5).
14
Let p(u) = u**2 - 7*u - 41. What is p(13)?
37
Let l(p) = p + 20. Give l(-10).
10
Let c(o) = o - 22. Determine c(5).
-17
Let s(z) = -6*z**3 + 2*z**2 - z - 2. Determine s(-1).
7
Let z(u) = -u**2 + 10*u + 2. Determine z(11).
-9
Let d(m) = 2*m - 3. Give d(2).
1
Let t(c) = c**3 - 14*c**2 + 13*c - 4. What is t(13)?
-4
Let u(v) = -v**3 + 4*v**2 - 2*v - 6. Calculate u(4).
-14
Let g(l) = -l**2 - 12*l + 13. Determine g(0).
13
Let u(g) = 2*g**3 + 8*g**2 - 8*g - 5. Calculate u(-5).
-15
Let t(s) = -4*s + 33. Calculate t(6).
9
Let v(k) = -k**2 - 43*k + 1179. Determine v(-62).
1
Let f(h) = -h**3 - 11*h**2 + 4*h + 19. What is f(-12)?
115
Let u(v) = v**3 + 8*v**2 - 11*v - 20. Determine u(-9).
-2
Let w(y) = y**3 + 3*y**2 - 3*y + 3. Give w(2).
17
Let z(r) = -r**2 + 4*r - 4. What is z(4)?
-4
Let d(p) = 2*p - 20. Calculate d(-4).
-28
Let x(m) = -7*m - 76. What is x(-11)?
1
Let f(v) = -v**2 + v + 5. Give f(4).
-7
Let n(k) = 48*k - 291. Give n(6).
-3
Let m(t) = 2*t**2 + 20*t + 34. Calculate m(-2).
2
Let k(y) = y**3 + 7*y**2 - 10*y + 8. Give k(-8).
24
Let x(z) = 3*z - 16. What is x(5)?
-1
Let l(q) = -q**2 + q + 5. What is l(3)?
-1
Let z(s) = 4*s - 13. What is z(2)?
-5
Let h(j) = -j**2 - 16*j - 16. Give h(-9).
47
Let l(g) = -2*g + 4. Calculate l(7).
-10
Let s(p) = -p**3 + 18*p**2 - 24*p - 23. Calculate s(16).
105
Let f(y) = 2*y**2 + 41*y + 20. Calculate f(-19).
-37
Let o(i) = i + 12. Calculate o(9).
21
Let u(x) = x - 7. What is u(0)?
-7
Let i(w) = w**3 + 5*w**2 + 3*w - 3. Give i(-4).
1
Let p(n) = -2*n**2 - 14*n - 6. Give p(-9).
-42
Let i(t) = -5*t**2 - 33*t + 32. Calculate i(1).
-6
Let g(t) = -t**3 + 2*t**2 + 5*t + 10. What is g(6)?
-104
Let r(y) = -y**2 - 5*y + 28. Determine r(3).
4
Let p(l) = -10*l + 407. Determine p(41).
-3
Let n(f) = 11*f**2 - 63*f - 17. Calculate n(7).
81
Let q(c) = 2*c**2 - 5*c - 5. Determine q(5).
20
Let x(j) = j**3 + 8*j**2 + 6*j - 13. Give x(-7).
-6
Let o(n) = -33*n**3 - n - 1. Determine o(-1).
33
Let m(c) = c**2 - 5*c - 4. Give m(7).
10
Let o(y) = y**3 + 1. What is o(0)?
1
Let k(g) = -9*g**2 + 3*g - 2. Give k(2).
-32
Let z(u) = 4*u. Calculate z(8).
32
Let u(f) = -f**2 + 26*f - 143. What is u(8)?
1
Let v(b) = -7*b - 9. Calculate v(-2).
5
Let w(j) = j**3 + 4*j**2 - 2*j - 7. Determine w(-4).
1
Let m(w) = -w**2 - 2*w + 3. Determine m(-3).
0
Let s(x) = x**3 - 5*x**2 + x + 6. What is s(3)?
-9
Let v(p) = p**3 - p**2 + 2*p - 4. What is v(0)?
-4
Let m(a) = -a**3 - 10*a**2 + 7*a + 8. Give m(-10).
-62
Let n(f) = f**3 - 7*f**2 + 5*f - 6. Give n(7).
29
Let l(c) = c**3 + 2*c**2 + 3*c - 25. What is l(0)?
-25
Let x(u) = 2*u**2 + 10*u - 1. What is x(-5)?
-1
Let g(f) = 6*f - 6. Determine g(-1).
-12
Let c(k) = 4*k**3 - 42*k**2 - 22*k - 9. What is c(11)?
-9
Let m(h) = h**3 + 5*h**2 - 6*h + 2. Calculate m(-6).
2
Let t(f) = f**3 + 7*f**2 - f - 6. Determine t(-7).
1
Let l(o)